{"id":44,"date":"2024-07-31T15:06:54","date_gmt":"2024-07-31T15:06:54","guid":{"rendered":"https:\/\/strassenfest.noack.digital\/index.php\/contact\/"},"modified":"2026-03-27T11:48:52","modified_gmt":"2026-03-27T11:48:52","slug":"contact","status":"publish","type":"page","link":"https:\/\/kiezfest.org\/index.php\/contact\/","title":{"rendered":"Mitmachen"},"content":{"rendered":"\t\t<div data-elementor-type=\"wp-page\" data-elementor-id=\"44\" class=\"elementor elementor-44\" data-elementor-post-type=\"page\">\n\t\t\t\t<div class=\"elementor-element elementor-element-eea3a08 e-flex e-con-boxed e-con e-parent\" data-id=\"eea3a08\" data-element_type=\"container\" data-e-type=\"container\">\n\t\t\t\t\t<div class=\"e-con-inner\">\n\t\t\t\t<div class=\"elementor-element elementor-element-e22d7d1 elementor-widget-divider--separator-type-pattern elementor-widget-divider--no-spacing elementor-widget-divider--view-line elementor-widget elementor-widget-divider\" data-id=\"e22d7d1\" data-element_type=\"widget\" data-e-type=\"widget\" data-widget_type=\"divider.default\">\n\t\t\t\t<div class=\"elementor-widget-container\">\n\t\t\t\t\t\t\t<div class=\"elementor-divider\" style=\"--divider-pattern-url: url(&quot;data:image\/svg+xml,%3Csvg xmlns=&#039;http:\/\/www.w3.org\/2000\/svg&#039; preserveAspectRatio=&#039;xMidYMid meet&#039; overflow=&#039;visible&#039; height=&#039;100%&#039; viewBox=&#039;0 0 120 26&#039; fill=&#039;black&#039; stroke=&#039;none&#039;%3E%3Cpolygon points=&#039;0,14.4 0,21 11.5,12.4 21.3,20 30.4,11.1 40.3,20 51,12.4 60.6,20 69.6,11.1 79.3,20 90.1,12.4 99.6,20 109.7,11.1 120,21 120,14.4 109.7,5 99.6,13 90.1,5 79.3,14.5 71,5.7 60.6,12.4 51,5 40.3,14.5 31.1,5 21.3,13 11.5,5 \t&#039;\/%3E%3C\/svg%3E&quot;);\">\n\t\t\t<span class=\"elementor-divider-separator\">\n\t\t\t\t\t\t<\/span>\n\t\t<\/div>\n\t\t\t\t\t\t<\/div>\n\t\t\t\t<\/div>\n\t\t\t\t\t<\/div>\n\t\t\t\t<\/div>\n\t\t<div class=\"elementor-element elementor-element-364cf743 e-con-full e-flex e-con e-parent\" data-id=\"364cf743\" data-element_type=\"container\" data-e-type=\"container\">\n\t\t\t\t<div class=\"elementor-element elementor-element-4502ebb8 elementor-widget__width-initial elementor-widget-tablet__width-inherit elementor-widget elementor-widget-text-editor\" data-id=\"4502ebb8\" data-element_type=\"widget\" data-e-type=\"widget\" data-widget_type=\"text-editor.default\">\n\t\t\t\t<div class=\"elementor-widget-container\">\n\t\t\t\t\t\t\t\t\t<p>Mach mit!<\/p><p>Du m\u00f6chtest deinen Kiez mitgestalten, auf dem Kiezfest spielen, einen Stand machen, in der Organisation unterst\u00fctzen oder hast einfach eine coole Idee? Dann schreib uns eine E-Mail an<br \/>info [\u00e4t] kiezfest.org!<\/p><p>In folgenden Bereichen brauchen wir jedes Jahr Unterst\u00fctzung:<\/p><p>Technik, Strom &amp; Elektrik \/ Licht<br \/>B\u00fchnenaufbau &amp; -abbau<br \/>Transport (Fahrer:in)<br \/>Kreatives Bauen,\u00a0Deko und Gestaltung<br \/>Einweisung vor Ort (z.\u202fB. Fahrzeuge, St\u00e4nde koordinieren)<br \/>Tragen helfen &amp; allgemeine Unterst\u00fctzung vor Ort<br \/>Awareness-Team (Safer Space, Ansprechperson sein)<br \/>Brandschutz-Helfer:in<br \/>Ordner:in (Gel\u00e4nde\u00fcberblick, Zugangskontrolle)<br \/>Cateringhilfe (nur f\u00fcr Helfer:innen &amp; K\u00fcnstler:innen)<br \/>Kinderprogramm (Spiele, Basteln etc.)<br \/>M\u00fcllmanagement \/ Sauberkeit<br \/>Info-Point \/ Tombola<\/p>\t\t\t\t\t\t\t\t<\/div>\n\t\t\t\t<\/div>\n\t\t\t\t<\/div>\n\t\t<div class=\"elementor-element elementor-element-38ec55b e-flex e-con-boxed e-con e-parent\" data-id=\"38ec55b\" data-element_type=\"container\" data-e-type=\"container\">\n\t\t\t\t\t<div class=\"e-con-inner\">\n\t\t\t\t<div class=\"elementor-element elementor-element-a9190b0 elementor-widget elementor-widget-spacer\" data-id=\"a9190b0\" data-element_type=\"widget\" data-e-type=\"widget\" data-widget_type=\"spacer.default\">\n\t\t\t\t<div class=\"elementor-widget-container\">\n\t\t\t\t\t\t\t<div class=\"elementor-spacer\">\n\t\t\t<div class=\"elementor-spacer-inner\"><\/div>\n\t\t<\/div>\n\t\t\t\t\t\t<\/div>\n\t\t\t\t<\/div>\n\t\t\t\t\t<\/div>\n\t\t\t\t<\/div>\n\t\t<div class=\"elementor-element elementor-element-02dc860 e-flex e-con-boxed e-con e-parent\" data-id=\"02dc860\" data-element_type=\"container\" data-e-type=\"container\">\n\t\t\t\t\t<div class=\"e-con-inner\">\n\t\t\t\t<div class=\"elementor-element elementor-element-65e856d elementor-widget-divider--separator-type-pattern elementor-widget-divider--no-spacing elementor-widget-divider--view-line elementor-widget elementor-widget-divider\" data-id=\"65e856d\" data-element_type=\"widget\" data-e-type=\"widget\" data-widget_type=\"divider.default\">\n\t\t\t\t<div class=\"elementor-widget-container\">\n\t\t\t\t\t\t\t<div class=\"elementor-divider\" style=\"--divider-pattern-url: url(&quot;data:image\/svg+xml,%3Csvg xmlns=&#039;http:\/\/www.w3.org\/2000\/svg&#039; preserveAspectRatio=&#039;xMidYMid meet&#039; overflow=&#039;visible&#039; height=&#039;100%&#039; viewBox=&#039;0 0 120 26&#039; fill=&#039;black&#039; stroke=&#039;none&#039;%3E%3Cpolygon points=&#039;0,14.4 0,21 11.5,12.4 21.3,20 30.4,11.1 40.3,20 51,12.4 60.6,20 69.6,11.1 79.3,20 90.1,12.4 99.6,20 109.7,11.1 120,21 120,14.4 109.7,5 99.6,13 90.1,5 79.3,14.5 71,5.7 60.6,12.4 51,5 40.3,14.5 31.1,5 21.3,13 11.5,5 \t&#039;\/%3E%3C\/svg%3E&quot;);\">\n\t\t\t<span class=\"elementor-divider-separator\">\n\t\t\t\t\t\t<\/span>\n\t\t<\/div>\n\t\t\t\t\t\t<\/div>\n\t\t\t\t<\/div>\n\t\t\t\t\t<\/div>\n\t\t\t\t<\/div>\n\t\t\t\t<\/div>\n\t\t","protected":false},"excerpt":{"rendered":"<p>Mach mit! Du m\u00f6chtest deinen Kiez mitgestalten, auf dem Kiezfest spielen, einen Stand machen, in der Organisation unterst\u00fctzen oder hast einfach eine coole Idee? Dann schreib uns eine E-Mail aninfo [\u00e4t] kiezfest.org! In folgenden Bereichen brauchen wir jedes Jahr Unterst\u00fctzung: Technik, Strom &amp; Elektrik \/ LichtB\u00fchnenaufbau &amp; -abbauTransport (Fahrer:in)Kreatives Bauen,\u00a0Deko und GestaltungEinweisung vor Ort (z.\u202fB. [&hellip;]<\/p>\n","protected":false},"author":1,"featured_media":0,"parent":0,"menu_order":0,"comment_status":"closed","ping_status":"closed","template":"elementor_header_footer","meta":{"footnotes":""},"class_list":["post-44","page","type-page","status-publish","hentry"],"_links":{"self":[{"href":"https:\/\/kiezfest.org\/index.php\/wp-json\/wp\/v2\/pages\/44","targetHints":{"allow":["GET"]}}],"collection":[{"href":"https:\/\/kiezfest.org\/index.php\/wp-json\/wp\/v2\/pages"}],"about":[{"href":"https:\/\/kiezfest.org\/index.php\/wp-json\/wp\/v2\/types\/page"}],"author":[{"embeddable":true,"href":"https:\/\/kiezfest.org\/index.php\/wp-json\/wp\/v2\/users\/1"}],"replies":[{"embeddable":true,"href":"https:\/\/kiezfest.org\/index.php\/wp-json\/wp\/v2\/comments?post=44"}],"version-history":[{"count":86,"href":"https:\/\/kiezfest.org\/index.php\/wp-json\/wp\/v2\/pages\/44\/revisions"}],"predecessor-version":[{"id":847,"href":"https:\/\/kiezfest.org\/index.php\/wp-json\/wp\/v2\/pages\/44\/revisions\/847"}],"wp:attachment":[{"href":"https:\/\/kiezfest.org\/index.php\/wp-json\/wp\/v2\/media?parent=44"}],"curies":[{"name":"wp","href":"https:\/\/api.w.org\/{rel}","templated":true}]}}