{"id":40,"date":"2024-07-31T15:06:54","date_gmt":"2024-07-31T15:06:54","guid":{"rendered":"https:\/\/strassenfest.noack.digital\/index.php\/about\/"},"modified":"2026-03-13T10:02:14","modified_gmt":"2026-03-13T10:02:14","slug":"about","status":"publish","type":"page","link":"https:\/\/kiezfest.org\/index.php\/about\/","title":{"rendered":"\u00dcber uns"},"content":{"rendered":"\t\t<div data-elementor-type=\"wp-page\" data-elementor-id=\"40\" class=\"elementor elementor-40\" data-elementor-post-type=\"page\">\n\t\t\t\t<div class=\"elementor-element elementor-element-94547dd e-flex e-con-boxed e-con e-parent\" data-id=\"94547dd\" data-element_type=\"container\" data-e-type=\"container\">\n\t\t\t\t\t<div class=\"e-con-inner\">\n\t\t\t\t<div class=\"elementor-element elementor-element-6dd3585 elementor-widget-divider--separator-type-pattern elementor-widget-divider--no-spacing elementor-widget-divider--view-line elementor-widget elementor-widget-divider\" data-id=\"6dd3585\" data-element_type=\"widget\" data-e-type=\"widget\" data-widget_type=\"divider.default\">\n\t\t\t\t<div class=\"elementor-widget-container\">\n\t\t\t\t\t\t\t<div class=\"elementor-divider\" style=\"--divider-pattern-url: url(&quot;data:image\/svg+xml,%3Csvg xmlns=&#039;http:\/\/www.w3.org\/2000\/svg&#039; preserveAspectRatio=&#039;xMidYMid meet&#039; overflow=&#039;visible&#039; height=&#039;100%&#039; viewBox=&#039;0 0 120 26&#039; fill=&#039;black&#039; stroke=&#039;none&#039;%3E%3Cpolygon points=&#039;0,14.4 0,21 11.5,12.4 21.3,20 30.4,11.1 40.3,20 51,12.4 60.6,20 69.6,11.1 79.3,20 90.1,12.4 99.6,20 109.7,11.1 120,21 120,14.4 109.7,5 99.6,13 90.1,5 79.3,14.5 71,5.7 60.6,12.4 51,5 40.3,14.5 31.1,5 21.3,13 11.5,5 \t&#039;\/%3E%3C\/svg%3E&quot;);\">\n\t\t\t<span class=\"elementor-divider-separator\">\n\t\t\t\t\t\t<\/span>\n\t\t<\/div>\n\t\t\t\t\t\t<\/div>\n\t\t\t\t<\/div>\n\t\t\t\t\t<\/div>\n\t\t\t\t<\/div>\n\t\t<div class=\"elementor-element elementor-element-38c5bb7 e-flex e-con-boxed e-con e-parent\" data-id=\"38c5bb7\" data-element_type=\"container\" data-e-type=\"container\">\n\t\t\t\t\t<div class=\"e-con-inner\">\n\t\t\t\t<div class=\"elementor-element elementor-element-c6f0240 elementor-widget elementor-widget-text-editor\" data-id=\"c6f0240\" data-element_type=\"widget\" data-e-type=\"widget\" data-widget_type=\"text-editor.default\">\n\t\t\t\t<div class=\"elementor-widget-container\">\n\t\t\t\t\t\t\t\t\t<h2>Wer steht hinter dem KiezFest Ruhlaer Stra\u00dfe?<\/h2><p><span class=\"OYPEnA font-feature-liga-off font-feature-clig-off font-feature-calt-off text-decoration-none text-strikethrough-none\">Organisiert wird das Fest von einer kleinen Gruppe engagierter Menschen aus dem Kiez. Vor allem stecken hinter dem KiezFest Katja Witteck, Laura Koller, Anni Rubin und Anna Wortberg \u2013 mit der Unterst\u00fctzung vieler anderer Menschen und Organisationen. Vielen Dank an alle, die in irgendeiner Weise dazu beitragen, dass wir das Fest auf die Beine gestellt bekommen!<\/span><\/p><h2 class=\"cvGsUA direction-ltr align-end para-style-body\"><span class=\"OYPEnA font-feature-liga-off font-feature-clig-off font-feature-calt-off text-decoration-none text-strikethrough-none\">Wie wird das Fest finanziert?<\/span><\/h2><p class=\"cvGsUA direction-ltr align-end para-style-body\"><span class=\"OYPEnA font-feature-liga-off font-feature-clig-off font-feature-calt-off text-decoration-none text-strikethrough-none\">Unsere teuersten Rechnungen sind die Stra\u00dfensperrung, Versicherungen, die Toiletten sowie die B\u00fchnentechnik zu leihen und unsere gro\u00dfartigen Helferleins mit Essen und Getr\u00e4nken zu versorgen. <span style=\"box-sizing: border-box; margin: 0px; padding: 0px;\">Die gr\u00f6\u00dften Bausteine in unserer Finanzierung 2025 waren eine Kulturf\u00f6rderung der Stadt Eberswalde \u00fcber 3500\u20ac, eine Mikrof\u00f6rderung von\u00a0<a href=\"https:\/\/www.zukunftswege-ost.de\/der-gemeinschaftsfonds\/\" target=\"_blank\" rel=\"noopener\">Zukunftswege Ost<\/a> \u00fcber 3000\u20ac und ein Sponsoring der Kreiswerke Barnim.<\/span> Dank der zus\u00e4tzlichen zweiten F\u00f6rderung war es uns m\u00f6glich, unseren wunderbaren Bands und K\u00fcnstler:innen eine Aufwandsentsch\u00e4digung zu zahlen, was uns ganz furchtbar freut! Zu den F\u00f6rderungen kamen zahlreiche Gewinnspenden f\u00fcr unsere Tombola (Gr\u00fc\u00dfe gehen raus an alle, die etwas gegeben haben!). Das erm\u00f6glicht es uns, durch den Losverkauf Einnahmen zu erzielen, die direkt wieder ins Fest investiert werden. Auch 10 % des Umsatzes aus dem Essen- und Getr\u00e4nkeverkauf gehen in die Festkasse (danke an euch!). Und zuletzt ist dies alles nat\u00fcrlich nur mit ganz viel Ehrenamt m\u00f6glich! Das \u00fcbrig gebliebene Geld legen wir f\u00fcrs n\u00e4chste Jahr auf die hohe Kante \u2013 denn das n\u00e4chste Kiezfest steigt am 19. September 2026!<\/span><\/p>\t\t\t\t\t\t\t\t<\/div>\n\t\t\t\t<\/div>\n\t\t\t\t\t<\/div>\n\t\t\t\t<\/div>\n\t\t<div class=\"elementor-element elementor-element-4c28640 e-flex e-con-boxed e-con e-parent\" data-id=\"4c28640\" data-element_type=\"container\" data-e-type=\"container\">\n\t\t\t\t\t<div class=\"e-con-inner\">\n\t\t\t\t<div class=\"elementor-element elementor-element-f6acb28 elementor-widget-divider--separator-type-pattern elementor-widget-divider--no-spacing elementor-widget-divider--view-line elementor-widget elementor-widget-divider\" data-id=\"f6acb28\" data-element_type=\"widget\" data-e-type=\"widget\" data-widget_type=\"divider.default\">\n\t\t\t\t<div class=\"elementor-widget-container\">\n\t\t\t\t\t\t\t<div class=\"elementor-divider\" style=\"--divider-pattern-url: url(&quot;data:image\/svg+xml,%3Csvg xmlns=&#039;http:\/\/www.w3.org\/2000\/svg&#039; preserveAspectRatio=&#039;xMidYMid meet&#039; overflow=&#039;visible&#039; height=&#039;100%&#039; viewBox=&#039;0 0 120 26&#039; fill=&#039;black&#039; stroke=&#039;none&#039;%3E%3Cpolygon points=&#039;0,14.4 0,21 11.5,12.4 21.3,20 30.4,11.1 40.3,20 51,12.4 60.6,20 69.6,11.1 79.3,20 90.1,12.4 99.6,20 109.7,11.1 120,21 120,14.4 109.7,5 99.6,13 90.1,5 79.3,14.5 71,5.7 60.6,12.4 51,5 40.3,14.5 31.1,5 21.3,13 11.5,5 \t&#039;\/%3E%3C\/svg%3E&quot;);\">\n\t\t\t<span class=\"elementor-divider-separator\">\n\t\t\t\t\t\t<\/span>\n\t\t<\/div>\n\t\t\t\t\t\t<\/div>\n\t\t\t\t<\/div>\n\t\t\t\t\t<\/div>\n\t\t\t\t<\/div>\n\t\t\t\t<\/div>\n\t\t","protected":false},"excerpt":{"rendered":"<p>Wer steht hinter dem KiezFest Ruhlaer Stra\u00dfe? Organisiert wird das Fest von einer kleinen Gruppe engagierter Menschen aus dem Kiez. Vor allem stecken hinter dem KiezFest Katja Witteck, Laura Koller, Anni Rubin und Anna Wortberg \u2013 mit der Unterst\u00fctzung vieler anderer Menschen und Organisationen. Vielen Dank an alle, die in irgendeiner Weise dazu beitragen, dass [&hellip;]<\/p>\n","protected":false},"author":1,"featured_media":0,"parent":0,"menu_order":0,"comment_status":"closed","ping_status":"closed","template":"elementor_header_footer","meta":{"footnotes":""},"class_list":["post-40","page","type-page","status-publish","hentry"],"_links":{"self":[{"href":"https:\/\/kiezfest.org\/index.php\/wp-json\/wp\/v2\/pages\/40","targetHints":{"allow":["GET"]}}],"collection":[{"href":"https:\/\/kiezfest.org\/index.php\/wp-json\/wp\/v2\/pages"}],"about":[{"href":"https:\/\/kiezfest.org\/index.php\/wp-json\/wp\/v2\/types\/page"}],"author":[{"embeddable":true,"href":"https:\/\/kiezfest.org\/index.php\/wp-json\/wp\/v2\/users\/1"}],"replies":[{"embeddable":true,"href":"https:\/\/kiezfest.org\/index.php\/wp-json\/wp\/v2\/comments?post=40"}],"version-history":[{"count":47,"href":"https:\/\/kiezfest.org\/index.php\/wp-json\/wp\/v2\/pages\/40\/revisions"}],"predecessor-version":[{"id":830,"href":"https:\/\/kiezfest.org\/index.php\/wp-json\/wp\/v2\/pages\/40\/revisions\/830"}],"wp:attachment":[{"href":"https:\/\/kiezfest.org\/index.php\/wp-json\/wp\/v2\/media?parent=40"}],"curies":[{"name":"wp","href":"https:\/\/api.w.org\/{rel}","templated":true}]}}

Über uns

<div data-elementor-type="wp-page" data-elementor-id="40" class="elementor elementor-40" data-elementor-post-type="page">
				<div class="elementor-element elementor-element-94547dd e-flex e-con-boxed e-con e-parent" data-id="94547dd" data-element_type="container" data-e-type="container">
					<div class="e-con-inner">
				<div class="elementor-element elementor-element-6dd3585 elementor-widget-divider--separator-type-pattern elementor-widget-divider--no-spacing elementor-widget-divider--view-line elementor-widget elementor-widget-divider" data-id="6dd3585" data-element_type="widget" data-e-type="widget" data-widget_type="divider.default">
				<div class="elementor-widget-container">
							<div class="elementor-divider" style="--divider-pattern-url: url(&quot;data:image/svg+xml,%3Csvg xmlns=&#039;http://www.w3.org/2000/svg&#039; preserveAspectRatio=&#039;xMidYMid meet&#039; overflow=&#039;visible&#039; height=&#039;100%&#039; viewBox=&#039;0 0 120 26&#039; fill=&#039;black&#039; stroke=&#039;none&#039;%3E%3Cpolygon points=&#039;0,14.4 0,21 11.5,12.4 21.3,20 30.4,11.1 40.3,20 51,12.4 60.6,20 69.6,11.1 79.3,20 90.1,12.4 99.6,20 109.7,11.1 120,21 120,14.4 109.7,5 99.6,13 90.1,5 79.3,14.5 71,5.7 60.6,12.4 51,5 40.3,14.5 31.1,5 21.3,13 11.5,5 	&#039;/%3E%3C/svg%3E&quot;);">
			<span class="elementor-divider-separator">
						</span>
		</div>
						</div>
				</div>
					</div>
				</div>
		<div class="elementor-element elementor-element-38c5bb7 e-flex e-con-boxed e-con e-parent" data-id="38c5bb7" data-element_type="container" data-e-type="container">
					<div class="e-con-inner">
				<div class="elementor-element elementor-element-c6f0240 elementor-widget elementor-widget-text-editor" data-id="c6f0240" data-element_type="widget" data-e-type="widget" data-widget_type="text-editor.default">
				<div class="elementor-widget-container">
									<h2>Wer steht hinter dem KiezFest Ruhlaer Straße?</h2><p><span class="OYPEnA font-feature-liga-off font-feature-clig-off font-feature-calt-off text-decoration-none text-strikethrough-none">Organisiert wird das Fest von einer kleinen Gruppe engagierter Menschen aus dem Kiez. Vor allem stecken hinter dem KiezFest Katja Witteck, Laura Koller, Anni Rubin und Anna Wortberg – mit der Unterstützung vieler anderer Menschen und Organisationen. Vielen Dank an alle, die in irgendeiner Weise dazu beitragen, dass wir das Fest auf die Beine gestellt bekommen!</span></p><h2 class="cvGsUA direction-ltr align-end para-style-body"><span class="OYPEnA font-feature-liga-off font-feature-clig-off font-feature-calt-off text-decoration-none text-strikethrough-none">Wie wird das Fest finanziert?</span></h2><p class="cvGsUA direction-ltr align-end para-style-body"><span class="OYPEnA font-feature-liga-off font-feature-clig-off font-feature-calt-off text-decoration-none text-strikethrough-none">Unsere teuersten Rechnungen sind die Straßensperrung, Versicherungen, die Toiletten sowie die Bühnentechnik zu leihen und unsere großartigen Helferleins mit Essen und Getränken zu versorgen. <span style="box-sizing: border-box; margin: 0px; padding: 0px;">Die größten Bausteine in unserer Finanzierung 2025 waren eine Kulturförderung der Stadt Eberswalde über 3500€, eine Mikroförderung von <a href="https://www.zukunftswege-ost.de/der-gemeinschaftsfonds/" target="_blank" rel="noopener">Zukunftswege Ost</a> über 3000€ und ein Sponsoring der Kreiswerke Barnim.</span> Dank der zusätzlichen zweiten Förderung war es uns möglich, unseren wunderbaren Bands und Künstler:innen eine Aufwandsentschädigung zu zahlen, was uns ganz furchtbar freut! Zu den Förderungen kamen zahlreiche Gewinnspenden für unsere Tombola (Grüße gehen raus an alle, die etwas gegeben haben!). Das ermöglicht es uns, durch den Losverkauf Einnahmen zu erzielen, die direkt wieder ins Fest investiert werden. Auch 10 % des Umsatzes aus dem Essen- und Getränkeverkauf gehen in die Festkasse (danke an euch!). Und zuletzt ist dies alles natürlich nur mit ganz viel Ehrenamt möglich! Das übrig gebliebene Geld legen wir fürs nächste Jahr auf die hohe Kante – denn das nächste Kiezfest steigt am 19. September 2026!</span></p>								</div>
				</div>
					</div>
				</div>
		<div class="elementor-element elementor-element-4c28640 e-flex e-con-boxed e-con e-parent" data-id="4c28640" data-element_type="container" data-e-type="container">
					<div class="e-con-inner">
				<div class="elementor-element elementor-element-f6acb28 elementor-widget-divider--separator-type-pattern elementor-widget-divider--no-spacing elementor-widget-divider--view-line elementor-widget elementor-widget-divider" data-id="f6acb28" data-element_type="widget" data-e-type="widget" data-widget_type="divider.default">
				<div class="elementor-widget-container">
							<div class="elementor-divider" style="--divider-pattern-url: url(&quot;data:image/svg+xml,%3Csvg xmlns=&#039;http://www.w3.org/2000/svg&#039; preserveAspectRatio=&#039;xMidYMid meet&#039; overflow=&#039;visible&#039; height=&#039;100%&#039; viewBox=&#039;0 0 120 26&#039; fill=&#039;black&#039; stroke=&#039;none&#039;%3E%3Cpolygon points=&#039;0,14.4 0,21 11.5,12.4 21.3,20 30.4,11.1 40.3,20 51,12.4 60.6,20 69.6,11.1 79.3,20 90.1,12.4 99.6,20 109.7,11.1 120,21 120,14.4 109.7,5 99.6,13 90.1,5 79.3,14.5 71,5.7 60.6,12.4 51,5 40.3,14.5 31.1,5 21.3,13 11.5,5 	&#039;/%3E%3C/svg%3E&quot;);">
			<span class="elementor-divider-separator">
						</span>
		</div>
						</div>
				</div>
					</div>
				</div>
				</div>

<p>Wer steht hinter dem KiezFest Ruhlaer Straße? Organisiert wird das Fest von einer kleinen Gruppe engagierter Menschen aus dem Kiez. Vor allem stecken hinter dem KiezFest Katja Witteck, Laura Koller, Anni Rubin und Anna Wortberg – mit der Unterstützung vieler anderer Menschen und Organisationen. Vielen Dank an alle, die in irgendeiner Weise dazu beitragen, dass [&hellip;]</p>
